3*u + 57. Let y be ((-216)/u)/(4/10). Suppose -5*z + y = -43. What is the units digit of z?
4
What is the tens digit of 0/(-3) - ((-1 - -4) + -586)?
8
Let n be 2/(-8) - (-65)/52. What is the tens digit of n/(-1*5/(-290))?
5
Let a be 1*(-14 - -16)*(1 + 0). Suppose 1116 = a*h + 4*h. What is the tens digit of h?
8
Suppose 12*y - 14080 = -4*y. What is the units digit of y?
0
Let d = -22 + 25. Suppose -d*f = -u + 14, 0*u - 5*u + 14 = -f. What is the units digit of u?
2
What is the tens digit of (-26 + 30)*(-4)/((-8)/31)?
6
Suppose 4*f = -4*l - 436, f + 106 = -l + 3*l. Let m = 205 + f. What is the units digit of m?
7
Suppose 2*q = q. Suppose -819 = -q*p - 7*p. What is the tens digit of p?
1
Let v(s) = -2*s + 20. Let m be v(8). Suppose 2*z + z - 339 = -3*f, 0 = -m*f + 4. What is the units digit of z?
2
Let m = 7 - 4. Suppose m = 3*i - 84. Suppose 31*l = i*l + 54. What is the units digit of l?
7
Suppose 0*c + 3*c = -4*k + 8, -4*c + 2*k + 18 = 0. Suppose -c*x - 81 = -489. Suppose 3*r + 0*r - x = 0. What is the tens digit of r?
3
Let b(k) = 1. Let j(w) = -w**2 + 5*w + 3. Let a(u) = 6*b(u) - j(u). Let r be (6/5)/((-3)/(-20)). What is the units digit of a(r)?
7
Suppose -4*d - 10 = -2. Let o(k) = 5 - 1 + 0*k - 18*k - 2. What is the units digit of o(d)?
8
Suppose -2*m + 6*m - 320 = 0. Suppose 5*c + 5*a = m, 0 = c - 2*a - 20 + 1. Let k = c + -14. What is the units digit of k?
3
Let a = 1 + -10. Let w = a - -19. Let z = w + 8. What is the units digit of z?
8
Suppose -3*i + 2*g + 4335 = 0, 5*g - 10*g = -2*i + 2890. What is the hundreds digit of i?
4
Suppose 2*d + m - 2859 = 0, 3*m = -3*d - d + 5717. What is the thousands digit of d?
1
Suppose -3*i - 2*p = -442, -2*p = 11*i - 6*i - 742. What is the tens digit of i?
5
Let c(q) = q**3 - 10*q**2 - 10*q - 9. Let p be c(11). Suppose 2*j + 5*i + 79 = 0, -3*j + p*i = j + 218. Let a = 76 + j. What is the tens digit of a?
2
Suppose 100*x = 107*x - 4704. What is the tens digit of x?
7
Let o = -61 - -290. What is the tens digit of o?
2
Let a(v) = v**3 + v + 387. What is the tens digit of a(0)?
8
Let t be (-5)/(-4)*-2*-2. Let r = t + -5. Suppose r = 2*f - 6*f + 20. What is the units digit of f?
5
Suppose 7*h = -4*h + 1892. What is the hundreds digit of h?
1
Let f = 14 - 2. Suppose 4*u - 2*i = 362, -i = u - f - 83. Let z = u - 66. What is the units digit of z?
6
Let g = -59 - -51. Let o(b) = -17*b - 41. What is the units digit of o(g)?
5
Suppose 2*q = 2*y - 0*y - 12, -3*q + 15 = 0. Suppose 6*b = y*b. Suppose 4*p - 129 = w, b*p + 5*w = -p + 48. What is the tens digit of p?
3
Let w(u) = -2*u**2 - 11*u + 26. Let r be w(-13). Let v = -98 - r. What is the units digit of v?
1
Let w = -8 + 7. What is the units digit of 38/((-28)/(-20) + w)?
5
What is the units digit of (1660/30)/((-4)/(-84))?
2
Let n(u) = 45 - 11*u + 7*u + 0*u. What is the tens digit of n(-9)?
8
Let c be (4/6)/((-1)/12). Let k be (2/c)/(7/(-28)). Suppose 5*s = -2*a + 110, 144 - k = 3*a + 2*s. What is the units digit of a?
5
Suppose 6 = 2*b + 2. Suppose 3*u + b*v = 3*v + 288, 4*u - 4*v - 392 = 0. What is the tens digit of u?
9
Let d(c) = -c**3 + 4*c**2 - 2*c + 2. Let q be d(3). Suppose 0 = g - q*b - 76, -63 = 2*g + 5*b - 230. What is the units digit of g?
1
Let j be ((-2)/(-3))/((-2)/(-15)). Suppose j = -3*v + 17. Suppose -w = 3*p - 7*p + 13, -p = -v*w + 23. What is the units digit of w?
7
Let j = 2327 - 1201. What is the units digit of j?
6
What is the hundreds digit of (-6)/(-24)*(3196 + 0)?
7
What is the units digit of 18/(-42) - (-4259)/7?
8
What is the tens digit of 3/(6/(-4))*13230/(-108)?
4
Let r(j) be the third derivative of -5*j**4/24 - 2*j**2 - 42*j. Let d be (-1)/(-1)*1 + -6. What is the units digit of r(d)?
5
Let q(d) = -d - 5. Let w be (-2)/((-9)/6 + 2). Let x be q(w). What is the tens digit of -4 - 0 - x*64?
6
Let d be (-3)/((-11)/4 - -2). Suppose 16 = d*c, -2*c - 140 = -3*i - c. Suppose -39 = -5*x + 3*x + 5*l, 0 = -3*x + 4*l + i. What is the units digit of x?
2
Suppose -7*a + 4*a + 366 = 0. Let u = -57 + a. What is the tens digit of u?
6
Suppose 3*z + 85 = 2*r + 300, -z + 57 = 3*r. Suppose -4*h = 245 - z. Let w = h - -75. What is the units digit of w?
1
Let q = -761 - -1347. What is the tens digit of q?
8
Let f be (-41602)/(-33) - (-2)/(-3). Suppose 44*c = 39*c + f. What is the tens digit of (c/(-24))/((-6)/8)?
1
Let z(r) = 20*r**3 - 2*r**2 - 2*r. Let w be z(-1). Let y = 12 - w. What is the tens digit of y?
3
Suppose -5*a = -a - 12. Let f be (0 + 1)/(a/(-12)). What is the units digit of 9/2 - 2/f?
5
Let s be ((-12)/(-10))/(2/195). What is the tens digit of 4 + (s - 3) - -3?
2
Suppose 3*q + z - 1031 = 0, -3*q + 0*z + 1011 = -3*z. What is the tens digit of q?
4
Let v(g) = g**2 - 11*g - 6. Let m be v(12). Suppose 5*s - 24 - m = 0. What is the units digit of (-32)/24*-2*s?
6
Let v be 99/44 + (-1)/4. Let x(c) = -6*c**3 - c**2 - 2*c. Let q be x(v). What is the units digit of (q/32)/(1/(-4))?
7
Let i(w) = w**3 + 3*w**2 - 11*w - 6. Let c be i(-4). Let k(x) = 4*x**3 - 2*x**2 + 1. Let l be k(1). Let v = c - l. What is the units digit of v?
9
Let q(n) = n**2 + n - 6. Let y be q(3). Let g(x) = 3*x. What is the tens digit of g(y)?
1
Let v be (-4)/(-16) + 19/4. Let n be ((-4)/v)/(4/(-10)). Suppose -71 = -5*a + 2*q, a - 24 = n*q - 5. What is the tens digit of a?
1
Let o = 362 - 114. What is the hundreds digit of o?
2
Let m(b) = b**3 - 5*b**2 - b + 1563. What is the tens digit of m(0)?
6
Let p(f) be the second derivative of -f**5/20 - 4*f**4/3 + 5*f**3/6 - 23*f**2/2 - 6*f. What is the hundreds digit of p(-17)?
1
Let w(q) = q**2 - 10*q - 6. Let g be w(11). What is the units digit of (10 - (1 - g))*(-30)/(-7)?
0
Suppose 99*n - 4 = 103*n. Let b(a) = a - 1. Let f(i) = -15*i + 1. Let h(m) = 2*b(m) + f(m). What is the units digit of h(n)?
2
Suppose 3*i = -3*o + 255, 4*o - o = -i + 85. Let j = i + 27. What is the tens digit of j?
1
Let h(k) = -k - 3. Let p be h(0). Let x = -9 - p. What is the units digit of (-2)/x*(165 + -6)?
3
Suppose 0 = k - v - 705, 2*k + 366 = 3*v + 1780. What is the hundreds digit of k?
7
Suppose -4*a - 209 = -n, 5*n + 4*a - 5*a - 1026 = 0. What is the units digit of n?
5
Let f = -54 - -124. Let x = -104 + 141. Suppose 5*l - f = -2*k + x, -5*l + k + 119 = 0. What is the units digit of l?
3
Suppose 0 = -2*j - 10 - 2. What is the units digit of ((-1480)/30)/(4/j)?
4
Let x = 2189 + -1937. What is the units digit of x?
2
Let q(l) = 2*l**2 - l - 1. Let a be q(-2). Suppose 2*x = 5*x - a. Suppose -130 = -x*w - 34. What is the tens digit of w?
3
Let k(u) = 23*u**2 + 6*u - 5. What is the units digit of k(-6)?
7
Let o(i) be the second derivative of -i**5/20 - 3*i**4/4 - i**3/2 + 5*i**2/2 + 4*i. What is the units digit of o(-9)?
2
Let k = 1275 - 65. What is the hundreds digit of k?
2
Let n(d) = -d**3 - 5*d**2 + 6*d + 5. Let k be n(-6). Suppose -3*r + 2*r = k. Let f = 11 + r. What is the units digit of f?
6
Let f be 0/((-4)/10*-5). Let g be 3 + f + (1 - 2). Suppose g*m - 13 = 7. What is the tens digit of m?
1
Let r = -557 + 767. What is the units digit of r?
0
Let i(t) be the second derivative of t**4/6 + 5*t**3/3 + 4*t**2 + 11*t. What is the units digit of i(-9)?
0
What is the hundreds digit of ((-36)/30 + 3)*205?
3
Suppose -3*b + 405 = 3*g, 404 = 3*g + 3*b - b. Suppose -g = -2*o - 2*k, -3*o + 3*k = k - 181. What is the tens digit of o?
6
Let g(y) = -18*y + 35. Suppose -2*j - c - 27 = 0, 4*c - 40 = 5*j + c. What is the hundreds digit of g(j)?
2
Suppose 2*w + 1 - 7 = 0, 11 = -4*o + w. Let m be (-1208)/14 + o/(-7). Let i = m + 128. What is the tens digit of i?
4
Let v(a) = -a + 9. Let h be v(-8). Suppose m - 3*t = h, 4*m + 3*t + 9 = 2. What is the units digit of 1 - (m + -2) - -21?
2
Let w(d) = 13*d**3 - 5*d**2 + 9*d + 4. What is the tens digit of w(5)?
4
Let l be ((-1)/2)/((-16)/64). Suppose n + 2*q - 65 = 0, l*n + q - 125 = 2*q. What is the units digit of n?
3
Let i(z) = -31*z - 20. Suppose -6*f = -2*f + 24. Let y be i(f). Suppose y = 4*o + 2. What is the units digit of o?
1
Suppose -g - 4*s = 4*g - 20, -3*g + 12 = -s. Suppose 3*j - 134 = -g*u, -u + 112 = -5*j + 366. What is the tens digit of j?
5
Suppose 32*o = -5*o + 87024. What is the units digit of o?
2
Suppose 0 = -2*c - 4*m + 18 + 132, -2*m + 312 = 4*c. Let i = c + -14. What is the tens digit of i?
6
